{"id":3016,"date":"2022-05-30T23:24:10","date_gmt":"2022-05-30T22:24:10","guid":{"rendered":"http:\/\/centrelolivier.fr\/col\/?page_id=3016"},"modified":"2026-05-12T14:52:58","modified_gmt":"2026-05-12T13:52:58","slug":"activites-2","status":"publish","type":"page","link":"https:\/\/centrelolivier.fr\/col\/activites-2\/","title":{"rendered":"Activit\u00e9s"},"content":{"rendered":"\t\t<div data-elementor-type=\"wp-page\" data-elementor-id=\"3016\" class=\"elementor elementor-3016\">\n\t\t\t\t\t\t\t\t\t<section class=\"elementor-section elementor-top-section elementor-element elementor-element-5d26c29 elementor-section-boxed elementor-section-height-default elementor-section-height-default\" data-id=\"5d26c29\" data-element_type=\"section\">\n\t\t\t\t\t\t<div class=\"elementor-container elementor-column-gap-default\">\n\t\t\t\t\t<div class=\"elementor-column elementor-col-100 elementor-top-column elementor-element elementor-element-00f6433\" data-id=\"00f6433\" data-element_type=\"column\">\n\t\t\t<div class=\"elementor-widget-wrap\">\n\t\t\t\t\t\t\t\t\t<\/div>\n\t\t<\/div>\n\t\t\t\t\t\t\t<\/div>\n\t\t<\/section>\n\t\t\t\t<section class=\"elementor-section elementor-top-section elementor-element elementor-element-c335336 elementor-section-boxed elementor-section-height-default elementor-section-height-default\" data-id=\"c335336\" data-element_type=\"section\">\n\t\t\t\t\t\t<div class=\"elementor-container elementor-column-gap-default\">\n\t\t\t\t\t<div class=\"elementor-column elementor-col-33 elementor-top-column elementor-element elementor-element-0629cb6\" data-id=\"0629cb6\" data-element_type=\"column\">\n\t\t\t<div class=\"elementor-widget-wrap elementor-element-populated\">\n\t\t\t\t\t\t\t\t<div class=\"elementor-element elementor-element-53ed5d7 elementor-widget elementor-widget-image\" data-id=\"53ed5d7\" data-element_type=\"widget\" data-widget_type=\"image.default\">\n\t\t\t\t<div class=\"elementor-widget-container\">\n\t\t\t<style>\/*! elementor - v3.6.5 - 27-04-2022 *\/\n.elementor-widget-image{text-align:center}.elementor-widget-image a{display:inline-block}.elementor-widget-image a img[src$=\".svg\"]{width:48px}.elementor-widget-image img{vertical-align:middle;display:inline-block}<\/style>\t\t\t\t\t\t\t\t\t\t\t\t<img width=\"960\" height=\"640\" src=\"https:\/\/centrelolivier.fr\/col\/wp-content\/uploads\/2022\/05\/IMG_6738-1024x683.jpg\" class=\"attachment-large size-large\" alt=\"\" loading=\"lazy\" srcset=\"https:\/\/centrelolivier.fr\/col\/wp-content\/uploads\/2022\/05\/IMG_6738-1024x683.jpg 1024w, https:\/\/centrelolivier.fr\/col\/wp-content\/uploads\/2022\/05\/IMG_6738-scaled-600x400.jpg 600w, https:\/\/centrelolivier.fr\/col\/wp-content\/uploads\/2022\/05\/IMG_6738-300x200.jpg 300w, https:\/\/centrelolivier.fr\/col\/wp-content\/uploads\/2022\/05\/IMG_6738-768x512.jpg 768w, https:\/\/centrelolivier.fr\/col\/wp-content\/uploads\/2022\/05\/IMG_6738-1536x1024.jpg 1536w, https:\/\/centrelolivier.fr\/col\/wp-content\/uploads\/2022\/05\/IMG_6738-2048x1365.jpg 2048w\" sizes=\"(max-width: 960px) 100vw, 960px\" \/>\t\t\t\t\t\t\t\t\t\t\t\t\t\t\t<\/div>\n\t\t\t\t<\/div>\n\t\t\t\t<div class=\"elementor-element elementor-element-784f2c2 elementor-widget elementor-widget-text-editor\" data-id=\"784f2c2\" data-element_type=\"widget\" data-widget_type=\"text-editor.default\">\n\t\t\t\t<div class=\"elementor-widget-container\">\n\t\t\t<style>\/*! elementor - v3.6.5 - 27-04-2022 *\/\n.elementor-widget-text-editor.elementor-drop-cap-view-stacked .elementor-drop-cap{background-color:#818a91;color:#fff}.elementor-widget-text-editor.elementor-drop-cap-view-framed .elementor-drop-cap{color:#818a91;border:3px solid;background-color:transparent}.elementor-widget-text-editor:not(.elementor-drop-cap-view-default) .elementor-drop-cap{margin-top:8px}.elementor-widget-text-editor:not(.elementor-drop-cap-view-default) .elementor-drop-cap-letter{width:1em;height:1em}.elementor-widget-text-editor .elementor-drop-cap{float:left;text-align:center;line-height:1;font-size:50px}.elementor-widget-text-editor .elementor-drop-cap-letter{display:inline-block}<\/style>\t\t\t\t<p><span style=\"font-size: 18px;\"><strong>Pilates \u2013 6 pers max<\/strong><\/span><\/p>\n<p><span style=\"font-size: 18px;\">Pour mieux connaitre &amp; ressentir votre corps ; le tonifier en profondeur et en douceur, prendre conscience de ses capacit\u00e9s et de ses limites.<\/span><\/p>\n<p><span style=\"font-size: 18px;\">Contact: Alix 0684971777<\/span><\/p>\t\t\t\t\t\t<\/div>\n\t\t\t\t<\/div>\n\t\t\t\t\t<\/div>\n\t\t<\/div>\n\t\t\t\t<div class=\"elementor-column elementor-col-33 elementor-top-column elementor-element elementor-element-25186b0\" data-id=\"25186b0\" data-element_type=\"column\">\n\t\t\t<div class=\"elementor-widget-wrap elementor-element-populated\">\n\t\t\t\t\t\t\t\t<div class=\"elementor-element elementor-element-6b8f8a7 elementor-widget elementor-widget-image\" data-id=\"6b8f8a7\" data-element_type=\"widget\" data-widget_type=\"image.default\">\n\t\t\t\t<div class=\"elementor-widget-container\">\n\t\t\t\t\t\t\t\t\t\t\t\t\t\t\t<img src=\"https:\/\/centrelolivier.fr\/col\/wp-content\/uploads\/2023\/09\/Capture-decran-2023-09-26-172623-1.png\" title=\"Capture d&rsquo;\u00e9cran 2023-09-26 172623\" alt=\"Capture d'\u00e9cran 2023-09-26 172623\" \/>\t\t\t\t\t\t\t\t\t\t\t\t\t\t\t<\/div>\n\t\t\t\t<\/div>\n\t\t\t\t<div class=\"elementor-element elementor-element-2d4dea6 elementor-widget elementor-widget-text-editor\" data-id=\"2d4dea6\" data-element_type=\"widget\" data-widget_type=\"text-editor.default\">\n\t\t\t\t<div class=\"elementor-widget-container\">\n\t\t\t\t\t\t\t<p><span style=\"font-size: 18px;\"><b>Ateliers de constellations syst\u00e9miques familiales<\/b><\/span><\/p><p>Vous\u00a0<span style=\"font-family: 'Open Sans', sans-serif; font-size: 14px; font-style: normal; font-weight: 400;\">souhaitez prendre pleinement votre place dans votre vie, vous\u00a0<\/span><span style=\"font-size: 14px;\">rencontrez des probl\u00e9matiques r\u00e9currentes dont vous d\u00e9sirez vous lib\u00e9rer, les constellations\u00a0 syst\u00e9miques permettent de clarifier les liens et de remettre de l&rsquo;ordre dans votre syst\u00e8me (familial, relationnel, professionnel)<\/span><\/p><p><span style=\"font-size: 14px;\">Prochaines dates: Vendredi 12 Juin 2026; Samedi 11 Juillet 2026<\/span><\/p><p><span style=\"font-size: 14px;\">Contact: Alix 068497177<\/span><\/p>\t\t\t\t\t\t<\/div>\n\t\t\t\t<\/div>\n\t\t\t\t\t<\/div>\n\t\t<\/div>\n\t\t\t\t<div class=\"elementor-column elementor-col-33 elementor-top-column elementor-element elementor-element-9b1a635\" data-id=\"9b1a635\" data-element_type=\"column\">\n\t\t\t<div class=\"elementor-widget-wrap\">\n\t\t\t\t\t\t\t\t\t<\/div>\n\t\t<\/div>\n\t\t\t\t\t\t\t<\/div>\n\t\t<\/section>\n\t\t\t\t<section class=\"elementor-section elementor-top-section elementor-element elementor-element-8e3eb8a elementor-section-boxed elementor-section-height-default elementor-section-height-default\" data-id=\"8e3eb8a\" data-element_type=\"section\">\n\t\t\t\t\t\t<div class=\"elementor-container elementor-column-gap-default\">\n\t\t\t\t\t<div class=\"elementor-column elementor-col-50 elementor-top-column elementor-element elementor-element-0ccb9aa\" data-id=\"0ccb9aa\" data-element_type=\"column\">\n\t\t\t<div class=\"elementor-widget-wrap\">\n\t\t\t\t\t\t\t\t\t<\/div>\n\t\t<\/div>\n\t\t\t\t<div class=\"elementor-column elementor-col-50 elementor-top-column elementor-element elementor-element-539f5ba\" data-id=\"539f5ba\" data-element_type=\"column\">\n\t\t\t<div class=\"elementor-widget-wrap\">\n\t\t\t\t\t\t\t\t\t<\/div>\n\t\t<\/div>\n\t\t\t\t\t\t\t<\/div>\n\t\t<\/section>\n\t\t\t\t\t\t\t<\/div>\n\t\t","protected":false},"excerpt":{"rendered":"<p>Pilates \u2013 6 pers max Pour mieux connaitre &amp; ressentir votre corps ; le tonifier en profondeur et en douceur, prendre conscience de ses capacit\u00e9s et de ses limites. Contact: Alix 0684971777 Ateliers de constellations syst\u00e9miques familiales Vous\u00a0souhaitez prendre pleinement votre place dans votre vie, vous\u00a0rencontrez des probl\u00e9matiques r\u00e9currentes dont vous d\u00e9sirez vous lib\u00e9rer, les [&hellip;]<\/p>\n","protected":false},"author":1,"featured_media":0,"parent":0,"menu_order":0,"comment_status":"closed","ping_status":"closed","template":"elementor_header_footer","meta":[],"_links":{"self":[{"href":"https:\/\/centrelolivier.fr\/col\/wp-json\/wp\/v2\/pages\/3016"}],"collection":[{"href":"https:\/\/centrelolivier.fr\/col\/wp-json\/wp\/v2\/pages"}],"about":[{"href":"https:\/\/centrelolivier.fr\/col\/wp-json\/wp\/v2\/types\/page"}],"author":[{"embeddable":true,"href":"https:\/\/centrelolivier.fr\/col\/wp-json\/wp\/v2\/users\/1"}],"replies":[{"embeddable":true,"href":"https:\/\/centrelolivier.fr\/col\/wp-json\/wp\/v2\/comments?post=3016"}],"version-history":[{"count":67,"href":"https:\/\/centrelolivier.fr\/col\/wp-json\/wp\/v2\/pages\/3016\/revisions"}],"predecessor-version":[{"id":3982,"href":"https:\/\/centrelolivier.fr\/col\/wp-json\/wp\/v2\/pages\/3016\/revisions\/3982"}],"wp:attachment":[{"href":"https:\/\/centrelolivier.fr\/col\/wp-json\/wp\/v2\/media?parent=3016"}],"curies":[{"name":"wp","href":"https:\/\/api.w.org\/{rel}","templated":true}]}}